ds digit of c?
1
Suppose -251 = -u - 4*q, -7*u + 2*u + 4*q = -1279. What is the tens digit of u?
5
Let p = -398 + 858. What is the units digit of p?
0
Suppose -3*c - 4*j + 8*j + 14 = 0, 5*j + 25 = 5*c. Suppose -2*b = 3*w - 409, -c*b + 5*b = 3*w - 413. What is the hundreds digit of w?
1
Let r = 104 - -49. Let m(p) = p + 12. Let b be m(-7). Suppose 0 = -b*n + r + 17. What is the tens digit of n?
3
Suppose -4*r - 2*v = -28, 5*v = -0*r + 4*r. Suppose 5*n - 4*s = 225, -2*s = r*n - s - 250. Let t = n + -27. What is the units digit of t?
2
Let w be ((-70)/42)/(1/(-117)). Suppose 0 = -2*q - 3*q + w. What is the units digit of q?
9
Let i(f) = 3*f**3 - 4*f**2 - 19*f + 45. What is the hundreds digit of i(6)?
4
Suppose 0 = 4*v + q - 352, 5*q + 328 = -82*v + 86*v. What is the tens digit of v?
8
Let b = 12 - 4. What is the tens digit of 1*b/(-2) + 87?
8
Let m = 516 - -735. What is the units digit of m?
1
Let h(b) = 47*b**2 - 50*b - 181. What is the tens digit of h(-4)?
7
Let t be ((-3)/(-2))/(6/60). Suppose i + t = 101. What is the units digit of i?
6
Let p = 34 + -67. Let v = p - -47. Let d = v + -9. What is the units digit of d?
5
Let k(b) = -22*b - 9. Let h be k(-7). Suppose 0 = 3*s - 8*s - h. What is the tens digit of (s/(3 - 2))/(-1)?
2
Suppose -2*h = a + 3, -3*a - 1 = h + 8. Let c = -14 + 16. Suppose h = -3*t - 15, 3*s + c*t + 7 = -0*s. What is the units digit of s?
1
Let a = 4119 + -2047. What is the hundreds digit of a?
0
Suppose 912*b - 52 = 910*b. What is the tens digit of b?
2
Suppose 5*s = 15*s - 1490. Suppose j = -5*z + s, -5*z - 5*j + 67 + 98 = 0. What is the tens digit of z?
2
Suppose -5*m + 4*n + 50 = 10, 3*n = 3*m - 27. Suppose 2*i = -4*u + m, 0*i - 2*i + 2*u + 34 = 0. Let w = i + 19. What is the tens digit of w?
3
What is the units digit of (1 + 0)/((24/986)/12)?
3
Let q = -1 - -4. Suppose -q + 1 = x. What is the tens digit of 2 - (-9 - (x + 5))?
1
Let l(u) be the second derivative of -u**5/20 - u**4/4 + u**3/6 - 3*u**2 - 3*u. Let s be l(-5). Let q = s - 13. What is the units digit of q?
6
Let m be (-16)/(-6)*((-25)/10 + 7). Suppose 0 = -m*u + 20*u - 536. What is the units digit of u?
7
Suppose -14 = 2*p - 3*p. Let w(u) = u**3 - 14*u**2 - u + 18. Let n be w(p). Suppose -n*g = -16, 2*v + 32 = 3*v + g. What is the tens digit of v?
2
Suppose 788 = 11*a - 7*a. What is the tens digit of a?
9
Let k(t) = -t**3 + t + 17. Let z be k(0). Suppose -9*n + 4 = -4*n - 2*v, n - z = -5*v. Let a(d) = 9*d + 3. What is the tens digit of a(n)?
2
Let c(o) = -481*o - 1060. What is the tens digit of c(-6)?
2
Let y(a) = a + 3. Let l be (0 - 0)/(-7 + 9). Let t be y(l). What is the units digit of (2/t)/(2/153)?
1
Let k(x) = x**2 + x + 1. Let u(a) = a**2 - 6*a + 6. Let j(w) = k(w) + u(w). What is the tens digit of j(5)?
3
Let u(h) = -h**3 - 14*h**2 - h - 18. Let g be u(-14). Let f be 2*2/g*-2. Suppose 14 = -0*l + f*l. What is the units digit of l?
7
Let o be 4/6 - (-16)/3. Let m = 47 - o. Let n = m + -24. What is the tens digit of n?
1
Let h(p) = -5*p**3 + p**2 + 8*p + 56. What is the units digit of h(-5)?
6
Suppose 29 = -b - 18. Let d = 96 + b. What is the units digit of d?
9
Suppose -p + 540 = 4*u - 1036, 0 = -4*p - 3*u + 6252. What is the thousands digit of p?
1
Let r be -2 - (-20)/(5 + 0). Suppose 4*p - 172 = -r*w, -4*w + 217 - 2 = 5*p. What is the tens digit of p?
4
What is the hundreds digit of (-1)/(((-35)/(-21))/5) - -1468?
4
Let d(i) = 3*i**2 + 15*i + 10. Suppose 7*x = 11*x + 28. What is the units digit of d(x)?
2
Let u(p) = -p**2 + 5. Let d be u(0). Let b(l) = -5 - 16*l**2 + 17*l**2 + 12 - d*l. What is the units digit of b(9)?
3
Let z = 26 - 23. Suppose 0 = z*m + v, m - 3*v - 16 = -6. What is the units digit of m?
1
Let q(m) = -2*m**2 + 5. Let l be q(0). Suppose 313 = l*t - 3*u, -7*u + 20 = -2*u. What is the tens digit of t?
6
Let h(k) = k**3 - 11*k**2 + 3*k - 25. Let r(f) = 2*f**3 - 21*f**2 + 7*f - 51. Let b(m) = -5*h(m) + 2*r(m). What is the tens digit of b(13)?
1
Let i = -22 - -25. Suppose -4*t - 3*m + 112 = -48, -i*m = 0. What is the tens digit of t?
4
Let f = 35 + -31. Suppose 2*t = -f, 3*h - 47 = 3*t - 8. What is the units digit of h?
1
Let q = -1333 + 2579. What is the thousands digit of q?
1
Let o(y) be the third derivative of -y**5/60 + y**4/6 - y**3/2 + y**2. Let c be o(3). Suppose 0 = -3*x - c*x + 174. What is the units digit of x?
8
What is the tens digit of (25/(-50))/((-2)/102)*18?
5
Let i = 5821 - 3327. What is the thousands digit of i?
2
Let m be (18/(-24))/(3/(-8)). Suppose -23 = m*w + 11. Let f = 32 + w. What is the tens digit of f?
1
Let n(q) = 7*q + 4. Let o be n(-2). Let v = o + 20. Let k(c) = -c**3 + 9*c**2 + 11*c - 7. What is the units digit of k(v)?
3
Suppose -3*l + 3158 = -2*g, 2*l - 3*l = 5*g - 1081. What is the thousands digit of l?
1
Let k(q) = q**2 + q + 15. Let b be k(0). Suppose -3*d - 29 = -5*i, -3*i + 0*d + d + b = 0. Suppose i*c = -20, 4*v + 21 - 94 = c. What is the tens digit of v?
1
Let j be 10*(-4)/12*-6. Suppose -u = -5*u + 24. Suppose u*p = p + j. What is the units digit of p?
4
What is the tens digit of (6 + -113)*-38 + -8 + -6?
5
Let u = 23 + -11. Suppose -7*c = -u*c + 120. What is the units digit of c?
4
Let v(p) = -p - 10. Let o be v(-12). Suppose 2*z + o*z = 4. What is the units digit of z?
1
Let q(d) = -61*d**3 + 4*d**2 + 3*d + 10. What is the hundreds digit of q(-4)?
9
Let w = -1 - -3. Let l(n) = w*n**2 - 15*n - 3*n**2 - 9 - 13. What is the units digit of l(-10)?
8
Let f(m) = 8*m**2 - 5*m - 2. Let k be f(-4). Suppose 5*b = 3*x - k, -x - 2 = -3*b - 48. Suppose -4*r + 0*r = -x. What is the tens digit of r?
1
Let f be (-2)/4*204/18*-9. Suppose f = 2*y - 1. What is the units digit of y?
6
Suppose 3*t = 2*r + 53, 0 = -t - 5*r + 2 + 44. Suppose -15 = 3*f - t. What is the units digit of (-12)/f*(-9)/6?
9
Let i(o) = 4*o - 66. Let p be i(0). What is the units digit of p/3*(15/(-2))/1?
5
Suppose -244 = -4*a + 244. Let v = 60 - 140. Let d = a + v. What is the units digit of d?
2
Let b(l) = -3*l**3 - 21*l**2 - 6*l - 47. What is the hundreds digit of b(-12)?
1
Suppose -4*k = k - 3*f - 65, f = -2*k + 26. Let w(g) = 3*g - 18. What is the tens digit of w(k)?
2
Let m(i) = -125*i - 138. What is the hundreds digit of m(-5)?
4
Let b = -7 + 13. Suppose 0 = 2*o - b, 1 - 115 = 5*a + 2*o. What is the tens digit of 2 + (-4)/4 - a?
2
Let r(m) = m**2 - 4*m + 27. Let l(g) = -g**3 + g**2 + 3*g - 2. Let o be l(3). What is the tens digit of r(o)?
9
Suppose -5*k + k + 8 = 0. Let o be (-3 + -1)/((-4)/50). What is the tens digit of o/4 - k/(-4)?
1
Suppose 40*f - 139192 + 41912 = 0. What is the units digit of f?
2
Let o(c) = -2*c + 0*c + c**2 - 1 + 2. Let l be o(8). What is the units digit of (l/(-21))/((-1)/3)?
7
Suppose 0*p = -p. Let v be 1*(2 - (2 - p)). Suppose 47 = 5*x - 4*d - v*d, -4*x = -d - 31. What is the units digit of x?
7
Let f(v) be the third derivative of -v**5/60 + 19*v**4/24 - 19*v**3/6 - 13*v**2. What is the units digit of f(16)?
9
Let h(t) = -3*t + 2*t + 2 - 2. Let s be h(-6). Suppose -s*x = -x - 150. What is the tens digit of x?
3
Suppose 24*z - 23*z - 395 = 0. Let m = -273 + z. What is the tens digit of m?
2
Suppose 3*i = -5*m - 16 - 21, i = -5*m - 29. Let v = i - -4. Suppose p - 30 = -v*p. What is the tens digit of p?
3
Suppose 4*n + 0*j + 3*j - 27 = 0, -4*j = -4*n + 48. Suppose 0 = 12*v - n*v - 216. What is the tens digit of v?
7
Let s = -127 - -75. What is the units digit of (1 - 0 - s) + -2?
1
Let t be (0 - -1)*0/(-2). Suppose 4*x - 93 - 119 = t. What is the units digit of x?
3
Let t(v) = 2*v**3 - 7*v**2 - v - 2. Let b be t(5). Suppose -r = b - 22. Let d = r + 90. What is the units digit of d?
4
Let b be 5 + (-36)/8 + (-151)/2. Let l = b + 153. What is the tens digit of l?
7
Let i = 552 + 1325. What is the units digit of i?
7
Let d(k) = 2*k + 10. Suppose -2*o + 7 = 2*m + 21, o = 2*m - 1. Let u be d(o). What is the units digit of u*3/(-9) + 4?
4
Suppose 0 = r - 3*r. Suppose r = 3*i - 365 + 5. Suppose 5*b + i = 5*k, -b + 1 + 2 = 0. What is the tens digit of k?
2
Let i = 29 - 37. Let w(o) = -o**2 - 8*o + 3. What is the units digit of w(i)?
3
Let t be (-6 - -5)/((-2)/(-16)). Let b(u) = -6*u - 17. What is the units digit of b(t)?
1
Let a(d) = 9*d - 17. Let g be a(3). What is the tens digit of -24*g*(8/(-3) + 2)?
6
Let x(a)